he greatest common factor of j and 4077?
151
Suppose 31*c + 23575 - 53593 = 42894. Calculate the highest common factor of c and 882.
294
Suppose -9*f = s - 69 - 14, 49 = 2*s + 5*f. Let r(c) = c + 2. Let d be r(0). What is the highest common divisor of s and d?
2
Let x = -4141 + 4471. Calculate the highest common divisor of x and 1.
1
Let w = -6 - -15. Let a = 297 + -243. Let q be a*(25/15)/5. What is the greatest common factor of q and w?
9
Suppose -5*d = -0*d + 2*h - 169, 0 = -3*d - 4*h + 93. Suppose -62 = -4*r - v + 6*v, 3*r = -2*v + d. What is the greatest common divisor of r and 52?
13
Suppose -467*y + 429*y - 455 = -4825. What is the greatest common divisor of 667 and y?
23
Let g = -338 - -342. Let a(k) = -8 + 5*k - 3*k + 20. Let r be a(4). Calculate the greatest common factor of r and g.
4
Suppose 3*z - 3*v = 2*v - 16, -5*z - v + 20 = 0. Suppose -z*b - 5*x + 47 = -38, 2*x = 2*b - 78. Calculate the highest common factor of 35 and b.
35
Let p = -16447 + 17525. Calculate the greatest common divisor of 143 and p.
11
Let m(k) = -24*k + 345. Let v be m(-24). Let s = v - 657. Let q be ((-4)/(-6))/((-1)/(-36)). Calculate the greatest common divisor of s and q.
24
Let u = -7390 + 7490. What is the greatest common factor of 6400 and u?
100
Suppose -4886 = -2*b + 2*j, 0*b + 6*b = 3*j + 14649. What is the greatest common divisor of 10 and b?
10
Let f(h) = -134*h + 38. Let j be f(-2). What is the greatest common divisor of 9 and j?
9
Let n = -93 + 764. Suppose 6*y - 266 = -y. Let f = 99 - y. Calculate the highest common divisor of f and n.
61
Let l be 1/4 - (-606)/8. Let v be 5 - (-40)/4 - (-7)/7*4. What is the highest common factor of l and v?
19
Suppose 0 = 11*y - 428 + 120. Suppose -z - 4*o + 148 = 0, 0 = 6*z - 3*z - o - 418. What is the highest common factor of y and z?
28
Suppose -6*x + 9*x = 3*t + 165, 3*t + 3 = 0. Calculate the highest common divisor of 4176 and x.
18
Suppose 4*p - 4*g = 76, 5*p - g - 89 = 2*g. Suppose 8*a - 360 = -p*a. Calculate the highest common divisor of a and 75.
15
Let y = 0 + 5. Suppose 112 + 17 = 3*t + 3*s, -y*s - 10 = 0. Suppose 6*x = 9 + t. What is the highest common factor of x and 3?
3
Let t(x) be the first derivative of -x**3/3 - 17*x**2/2 + 16*x + 39. Let l be t(-8). Calculate the greatest common divisor of l and 11.
11
Let r = 33083 - 33019. Let m be (-2)/(0 + -1 + 0). What is the highest common factor of m and r?
2
Let h = 19873 + -19795. Calculate the greatest common divisor of 286 and h.
26
Let f(l) = 42*l**3 + 2*l**2 - 45*l + 43. Let x be f(1). What is the greatest common factor of x and 1722?
42
Suppose 3024 = 17*c - 5646. Let z be (-1454)/(-4) - (-2)/(-4). Let n = c - z. Calculate the highest common divisor of 21 and n.
21
Let d = -8 - -71. Let v be (10/15)/((-10)/(-135)). What is the greatest common factor of d and v?
9
Suppose 4*m + 1380 = -d + 6*d, -5*d + 1410 = 2*m. Let u be -2 + 0 + 2 + d/1. What is the greatest common factor of 35 and u?
35
Suppose o + 46 = 3*o - 2*q, 0 = -o - 2*q + 17. Calculate the highest common factor of 5474 and o.
7
Let b(i) = -11*i - 12*i + 35*i - 11*i + 81. Let z be b(13). Calculate the greatest common factor of 47 and z.
47
Suppose -3*y + 2414 = 4*b, -b - 7*y + 4*y = -608. Suppose -b = -10*x + 8*x. What is the greatest common divisor of x and 7?
7
Let y = -54 + 49. Let p be (-2)/8 - -145*y/(-20). Let g be ((-4)/(-3))/((-6)/(-18)). Calculate the highest common factor of g and p.
4
Let m(p) = -97*p + 3267. Let j be m(33). What is the highest common factor of 1166 and j?
22
Let d = -2874 + 2870. Let o(s) be the third derivative of s**5/60 + s**4/8 + 5*s**3/3 + s**2. Let b be o(d). Calculate the highest common factor of 2 and b.
2
Let x(h) = 3*h + 2. Suppose -34*i + 37*i = 3. Let z be x(i). Suppose 16*k = 247 + 73. What is the greatest common divisor of k and z?
5
Suppose -49*v + 52*v - 495 = 0. Suppose 131 = 5*a - 3*h - 447, -a = 3*h - 112. Suppose -5*j + 50 = -a. What is the greatest common factor of j and v?
33
Let x be -7 - (104/312)/(2/(-264)). What is the highest common factor of 3737 and x?
37
Suppose 52*f - 3167 - 265 = 0. Calculate the highest common factor of 429 and f.
33
Let c(v) = 45*v**2 + v + 2. Let f be c(-2). Suppose -52*p - 1676 + 5420 = 0. Calculate the greatest common divisor of f and p.
36
Let l = 39025 - 38767. What is the greatest common factor of l and 8557?
43
Suppose -5*x + 317 = 4*y, -4*y = -9*y - 2*x + 409. Suppose y = 8*p - 325. What is the highest common divisor of 85 and p?
17
Let b be ((-18)/15)/((-9)/510). Let z = 0 + 1. Let o = 18 - z. Calculate the highest common divisor of b and o.
17
Let i = -38 + 54. Let b be (-8)/i + 10/4. Calculate the highest common factor of 2 and b.
2
Suppose 2*t + 3*y = 271, -t + 2*y + 2*y = -152. What is the greatest common factor of t and 1092?
28
Let b = -28795 + 28904. Calculate the highest common divisor of b and 3.
1
Suppose -3*v + 11 = -1. Let r be 235/6 + 2/(-12). Suppose -38*q = -r*q + 32. What is the greatest common factor of q and v?
4
Suppose -5*x = -26 - 74. Suppose -5*h = -x*h + 4740. What is the highest common factor of h and 237?
79
Let l(u) = 2*u**3 - 8*u**2 + 16. Let m be l(7). Calculate the greatest common divisor of m and 30.
10
Suppose -4*u + 2500 = -3*t, u + 0*t - 2*t = 630. Let l = 658 - u. Calculate the highest common divisor of 576 and l.
36
Let h = -276 - -142. Let q = h - -235. Suppose 0 = -p - 8 + q. What is the greatest common divisor of p and 31?
31
Suppose -3 = -4*u + 9. Let c be (21/(-56)*4)/((-1)/2). Suppose n = -3*k + 32 - 8, u*k = -c*n + 48. What is the greatest common divisor of 108 and n?
12
Suppose 4*y - 2*u - 68 = 0, 4*y - 8*u + 11*u - 98 = 0. Let r(q) = -q**3 + 21*q**2 + q - 1. Let v be r(19). Calculate the greatest common factor of y and v.
20
Let v be 77/4 + (-1)/4. Suppose 0*j + 2*j - 59 = -1. Let q = j + v. Calculate the highest common divisor of 6 and q.
6
Let m = -15301 + 16431. Calculate the greatest common factor of m and 10.
10
Suppose 0 = 3*z + 4*i - 5704, -z + 4*z + i - 5701 = 0. What is the greatest common factor of 152 and z?
76
Suppose -3*k - 4*j + 1113 = -731, -4*k + 2500 = -5*j. What is the greatest common divisor of k and 320?
20
Suppose -177*i = -168*i + 45. Let k(r) = 3*r**2 + 4*r - 5. Let x be k(i). What is the greatest common factor of 30 and x?
10
Suppose 8*r + 3*r - 1782 = 0. Suppose -a = 4*m - r, -a - a + m = -306. Calculate the greatest common factor of 7 and a.
7
Let m = 4660 + -4525. Calculate the greatest common divisor of m and 1980.
45
Suppose -18*f - 2*b - 80 = -20*f, 3*b = -f + 48. Let q be 16*(6/f)/((-4)/(-42)). What is the greatest common divisor of q and 108?
12
Let v(g) be the second derivative of g**3/6 - 15*g**2/2 + 2*g. Let p be v(-17). Let j be (300/8)/(4/(p/(-6))). What is the greatest common divisor of j and 20?
10
Let q = -558 - -646. Suppose 0 = 2*k + 4*h - 804, 3*k - 1173 = 3*h + 2*h. What is the highest common divisor of k and q?
44
Let s(v) = -265*v + 527*v + 6 - 261*v. Let m be s(0). What is the greatest common factor of 24 and m?
6
Suppose 0 = 62*w - 12277 + 2357. Calculate the greatest common factor of 980 and w.
20
Let x(j) = 14*j + 1. Let l be x(-3). Let w = -13 - l. Let b(v) = 8*v**2 + 17*v - 45. Let o be b(-5). Calculate the greatest common factor of w and o.
14
Let h(b) = b**3 - 13*b**2 - 11*b - 6. Let w be h(18). Suppose 4*v - 3*c = w, 2*v - 2*c = -3*v + 1763. Calculate the highest common divisor of v and 13.
13
Let j(d) be the first derivative of d**4/4 - 4*d**3 - 14*d**2 + 15*d - 60. Let h be j(14). Calculate the greatest common factor of h and 20.
5
Suppose -3500 = -13*z + 2610. What is the highest common divisor of z and 60?
10
Suppose 22*w = 88*w - 157014. What is the highest common factor of w and 39?
39
Suppose 2*m - 298 - 7868 = -3*q, 10928 = 4*q - 4*m. What is the highest common divisor of q and 47?
47
Suppose 380 = 2*d - 7*d. Let x be (6/8)/((-1)/d). Suppose 3*y = 18*y - 33*y + 684. What is the highest common divisor of y and x?
19
Suppose -3*b + 5 = -22. Suppose 15 = 2*f - 2*z + 3, 2*f = -5*z - b. What is the greatest common divisor of f and 48?
3
Let k(o) = 33*o**2 - o - 4. Let d be k(3). Suppose -8921 = -10*c - 8821. What is the highest common divisor of c and d?
10
Let n be 8*(-5)/(30/(-93)). Suppose 3*p 